{"id":210,"date":"2021-11-02T00:05:11","date_gmt":"2021-11-02T03:05:11","guid":{"rendered":"http:\/\/integra-negocios.com\/?page_id=210"},"modified":"2021-11-25T17:31:05","modified_gmt":"2021-11-25T20:31:05","slug":"alianzas","status":"publish","type":"page","link":"https:\/\/integra-negocios.com\/es\/alianzas\/","title":{"rendered":"Alianzas"},"content":{"rendered":"\n<figure class=\"wp-block-image size-medium logoLocal\"><img fetchpriority=\"high\" decoding=\"async\" width=\"300\" height=\"300\" src=\"http:\/\/integra-negocios.com\/wp-content\/uploads\/2021\/11\/1-300x300.png\" alt=\"\" class=\"wp-image-217\" srcset=\"https:\/\/integra-negocios.com\/wp-content\/uploads\/2021\/11\/1-300x300.png 300w, https:\/\/integra-negocios.com\/wp-content\/uploads\/2021\/11\/1-1024x1024.png 1024w, https:\/\/integra-negocios.com\/wp-content\/uploads\/2021\/11\/1-150x150.png 150w, https:\/\/integra-negocios.com\/wp-content\/uploads\/2021\/11\/1-768x768.png 768w, https:\/\/integra-negocios.com\/wp-content\/uploads\/2021\/11\/1.png 1080w\" sizes=\"(max-width: 300px) 100vw, 300px\" \/><\/figure>\n\n\n\n<p>Integra ampl\u00eda sus propias \u00e1reas de&nbsp;<em>expertise<\/em>&nbsp;con el conocimiento de otros profesionales reconocidos en sus respectivos campos.<\/p>\n\n\n\n<p>En Integra Negocios tenemos vocaci\u00f3n por concretar proyectos que, con un alto grado de pragmatismo, lleguen a resultados tangibles. Para lograrlo, buscamos integrar a nuestros equipos a profesionales con una fuerte especializaci\u00f3n en temas complementarios, adquirida a trav\u00e9s de una experiencia tanto en la implementaci\u00f3n como en el an\u00e1lisis y el diagn\u00f3stico.<\/p>\n\n\n\n<p>La complementaci\u00f3n con distintos tipos de profesionales se ha consolidado a trav\u00e9s de trabajar codo a codo en situaciones en las que los requerimientos de alta performance obligaban a utilizar recursos con concentrada efectividad y eficiencia.<\/p>\n\n\n\n<p>Especialistas con track record comprobado y una larga relaci\u00f3n profesional con los socios de Integra.<\/p>\n\n\n\n<figure class=\"wp-block-image size-large\"><img decoding=\"async\" width=\"1024\" height=\"343\" src=\"http:\/\/integra-negocios.com\/wp-content\/uploads\/2021\/11\/3-1-1024x343.jpeg\" alt=\"\" class=\"wp-image-218\" srcset=\"https:\/\/integra-negocios.com\/wp-content\/uploads\/2021\/11\/3-1-1024x343.jpeg 1024w, https:\/\/integra-negocios.com\/wp-content\/uploads\/2021\/11\/3-1-300x101.jpeg 300w, https:\/\/integra-negocios.com\/wp-content\/uploads\/2021\/11\/3-1-768x257.jpeg 768w, https:\/\/integra-negocios.com\/wp-content\/uploads\/2021\/11\/3-1-1536x515.jpeg 1536w, https:\/\/integra-negocios.com\/wp-content\/uploads\/2021\/11\/3-1-2048x686.jpeg 2048w\" sizes=\"(max-width: 1024px) 100vw, 1024px\" \/><\/figure>\n\n\n\n<p><\/p>\n\n\n\n<figure class=\"wp-block-image size-medium logoInternacional\"><img decoding=\"async\" width=\"300\" height=\"300\" src=\"http:\/\/integra-negocios.com\/wp-content\/uploads\/2021\/11\/4-300x300.png\" alt=\"\" class=\"wp-image-213\" srcset=\"https:\/\/integra-negocios.com\/wp-content\/uploads\/2021\/11\/4-300x300.png 300w, https:\/\/integra-negocios.com\/wp-content\/uploads\/2021\/11\/4-1024x1024.png 1024w, https:\/\/integra-negocios.com\/wp-content\/uploads\/2021\/11\/4-150x150.png 150w, https:\/\/integra-negocios.com\/wp-content\/uploads\/2021\/11\/4-768x768.png 768w, https:\/\/integra-negocios.com\/wp-content\/uploads\/2021\/11\/4.png 1080w\" sizes=\"(max-width: 300px) 100vw, 300px\" \/><\/figure>\n\n\n\n<p>Integra extiende su alcance de cobertura geogr\u00e1fica mediante a la participaci\u00f3n de otros grupos de profesionales reconocidos en sus respectivos campos de actuaci\u00f3n y en sus regiones de implantaci\u00f3n.<\/p>\n\n\n\n<p>En Integra tenemos vocaci\u00f3n por encarar nuestra actividad con la visi\u00f3n global que requieren los negocios en el entorno actual de alta competencia. Para lograrlo, buscamos integrar a nuestros equipos a profesionales s\u00f3lidamente implantados en los medios empresarios en los que act\u00faan, tanto en nuestra propia regi\u00f3n de pertenencia como en regiones claves hacia la que nuestros clientes y socios miran como destino de negocios y fuente de capital para sus emprendimientos.<\/p>\n\n\n\n<p>Nuestras relaciones internacionales son el fruto de un trabajo conjunto y continuo que alcanza hasta veinte a\u00f1os de proyectos y emprendimientos realmente compartidos, lo que permite una f\u00e1cil comprensi\u00f3n mutua, la compenetraci\u00f3n con la visi\u00f3n y objetivos de cada nodo y una atenci\u00f3n absolutamente continua que garantiza resultados y valor como pocas alternativas ofrecen a las empresas interesadas en integrar diferentes regiones del mundo.<\/p>\n\n\n\n<figure class=\"wp-block-image size-large\"><img loading=\"lazy\" decoding=\"async\" width=\"1024\" height=\"452\" src=\"http:\/\/integra-negocios.com\/wp-content\/uploads\/2021\/11\/6-1024x452.jpeg\" alt=\"\" class=\"wp-image-216\" srcset=\"https:\/\/integra-negocios.com\/wp-content\/uploads\/2021\/11\/6-1024x452.jpeg 1024w, https:\/\/integra-negocios.com\/wp-content\/uploads\/2021\/11\/6-300x132.jpeg 300w, https:\/\/integra-negocios.com\/wp-content\/uploads\/2021\/11\/6-768x339.jpeg 768w, https:\/\/integra-negocios.com\/wp-content\/uploads\/2021\/11\/6-1536x678.jpeg 1536w, https:\/\/integra-negocios.com\/wp-content\/uploads\/2021\/11\/6-2048x904.jpeg 2048w\" sizes=\"(max-width: 1024px) 100vw, 1024px\" \/><\/figure>\n","protected":false},"excerpt":{"rendered":"<p>Integra ampl\u00eda sus propias \u00e1reas de&nbsp;expertise&nbsp;con el conocimiento de otros profesionales reconocidos en sus respectivos campos. En Integra Negocios tenemos vocaci\u00f3n por concretar proyectos que, con un alto grado de&hellip; <\/p>\n","protected":false},"author":1,"featured_media":0,"parent":0,"menu_order":0,"comment_status":"closed","ping_status":"closed","template":"","meta":{"footnotes":""},"tags":[],"class_list":["post-210","page","type-page","status-publish","hentry","clearfix"],"aioseo_notices":[],"_links":{"self":[{"href":"https:\/\/integra-negocios.com\/es\/wp-json\/wp\/v2\/pages\/210","targetHints":{"allow":["GET"]}}],"collection":[{"href":"https:\/\/integra-negocios.com\/es\/wp-json\/wp\/v2\/pages"}],"about":[{"href":"https:\/\/integra-negocios.com\/es\/wp-json\/wp\/v2\/types\/page"}],"author":[{"embeddable":true,"href":"https:\/\/integra-negocios.com\/es\/wp-json\/wp\/v2\/users\/1"}],"replies":[{"embeddable":true,"href":"https:\/\/integra-negocios.com\/es\/wp-json\/wp\/v2\/comments?post=210"}],"version-history":[{"count":5,"href":"https:\/\/integra-negocios.com\/es\/wp-json\/wp\/v2\/pages\/210\/revisions"}],"predecessor-version":[{"id":307,"href":"https:\/\/integra-negocios.com\/es\/wp-json\/wp\/v2\/pages\/210\/revisions\/307"}],"wp:attachment":[{"href":"https:\/\/integra-negocios.com\/es\/wp-json\/wp\/v2\/media?parent=210"}],"wp:term":[{"taxonomy":"post_tag","embeddable":true,"href":"https:\/\/integra-negocios.com\/es\/wp-json\/wp\/v2\/tags?post=210"}],"curies":[{"name":"wp","href":"https:\/\/api.w.org\/{rel}","templated":true}]}}

<figure class="wp-block-image size-medium logoLocal"><img fetchpriority="high" decoding="async" width="300" height="300" src="http://integra-negocios.com/wp-content/uploads/2021/11/1-300x300.png" alt="" class="wp-image-217" srcset="https://integra-negocios.com/wp-content/uploads/2021/11/1-300x300.png 300w, https://integra-negocios.com/wp-content/uploads/2021/11/1-1024x1024.png 1024w, https://integra-negocios.com/wp-content/uploads/2021/11/1-150x150.png 150w, https://integra-negocios.com/wp-content/uploads/2021/11/1-768x768.png 768w, https://integra-negocios.com/wp-content/uploads/2021/11/1.png 1080w" sizes="(max-width: 300px) 100vw, 300px" /></figure>



<p>Integra amplía sus propias áreas de&nbsp;<em>expertise</em>&nbsp;con el conocimiento de otros profesionales reconocidos en sus respectivos campos.</p>



<p>En Integra Negocios tenemos vocación por concretar proyectos que, con un alto grado de pragmatismo, lleguen a resultados tangibles. Para lograrlo, buscamos integrar a nuestros equipos a profesionales con una fuerte especialización en temas complementarios, adquirida a través de una experiencia tanto en la implementación como en el análisis y el diagnóstico.</p>



<p>La complementación con distintos tipos de profesionales se ha consolidado a través de trabajar codo a codo en situaciones en las que los requerimientos de alta performance obligaban a utilizar recursos con concentrada efectividad y eficiencia.</p>



<p>Especialistas con track record comprobado y una larga relación profesional con los socios de Integra.</p>



<figure class="wp-block-image size-large"><img decoding="async" width="1024" height="343" src="http://integra-negocios.com/wp-content/uploads/2021/11/3-1-1024x343.jpeg" alt="" class="wp-image-218" srcset="https://integra-negocios.com/wp-content/uploads/2021/11/3-1-1024x343.jpeg 1024w, https://integra-negocios.com/wp-content/uploads/2021/11/3-1-300x101.jpeg 300w, https://integra-negocios.com/wp-content/uploads/2021/11/3-1-768x257.jpeg 768w, https://integra-negocios.com/wp-content/uploads/2021/11/3-1-1536x515.jpeg 1536w, https://integra-negocios.com/wp-content/uploads/2021/11/3-1-2048x686.jpeg 2048w" sizes="(max-width: 1024px) 100vw, 1024px" /></figure>



<p></p>



<figure class="wp-block-image size-medium logoInternacional"><img decoding="async" width="300" height="300" src="http://integra-negocios.com/wp-content/uploads/2021/11/4-300x300.png" alt="" class="wp-image-213" srcset="https://integra-negocios.com/wp-content/uploads/2021/11/4-300x300.png 300w, https://integra-negocios.com/wp-content/uploads/2021/11/4-1024x1024.png 1024w, https://integra-negocios.com/wp-content/uploads/2021/11/4-150x150.png 150w, https://integra-negocios.com/wp-content/uploads/2021/11/4-768x768.png 768w, https://integra-negocios.com/wp-content/uploads/2021/11/4.png 1080w" sizes="(max-width: 300px) 100vw, 300px" /></figure>



<p>Integra extiende su alcance de cobertura geográfica mediante a la participación de otros grupos de profesionales reconocidos en sus respectivos campos de actuación y en sus regiones de implantación.</p>



<p>En Integra tenemos vocación por encarar nuestra actividad con la visión global que requieren los negocios en el entorno actual de alta competencia. Para lograrlo, buscamos integrar a nuestros equipos a profesionales sólidamente implantados en los medios empresarios en los que actúan, tanto en nuestra propia región de pertenencia como en regiones claves hacia la que nuestros clientes y socios miran como destino de negocios y fuente de capital para sus emprendimientos.</p>



<p>Nuestras relaciones internacionales son el fruto de un trabajo conjunto y continuo que alcanza hasta veinte años de proyectos y emprendimientos realmente compartidos, lo que permite una fácil comprensión mutua, la compenetración con la visión y objetivos de cada nodo y una atención absolutamente continua que garantiza resultados y valor como pocas alternativas ofrecen a las empresas interesadas en integrar diferentes regiones del mundo.</p>



<figure class="wp-block-image size-large"><img loading="lazy" decoding="async" width="1024" height="452" src="http://integra-negocios.com/wp-content/uploads/2021/11/6-1024x452.jpeg" alt="" class="wp-image-216" srcset="https://integra-negocios.com/wp-content/uploads/2021/11/6-1024x452.jpeg 1024w, https://integra-negocios.com/wp-content/uploads/2021/11/6-300x132.jpeg 300w, https://integra-negocios.com/wp-content/uploads/2021/11/6-768x339.jpeg 768w, https://integra-negocios.com/wp-content/uploads/2021/11/6-1536x678.jpeg 1536w, https://integra-negocios.com/wp-content/uploads/2021/11/6-2048x904.jpeg 2048w" sizes="(max-width: 1024px) 100vw, 1024px" /></figure>

<p>Integra amplía sus propias áreas de&nbsp;expertise&nbsp;con el conocimiento de otros profesionales reconocidos en sus respectivos campos. En Integra Negocios tenemos vocación por concretar proyectos que, con un alto grado de&hellip; </p>
