{"id":171,"date":"2021-09-29T11:32:52","date_gmt":"2021-09-29T14:32:52","guid":{"rendered":"http:\/\/integra-negocios.com\/?page_id=171"},"modified":"2022-03-10T16:01:03","modified_gmt":"2022-03-10T19:01:03","slug":"alejandro-marchionna-fare","status":"publish","type":"page","link":"https:\/\/integra-negocios.com\/pt\/alejandro-marchionna-fare\/","title":{"rendered":"Alejandro Marchionna Far\u00e9"},"content":{"rendered":"<p>Especializado em estrat\u00e9gia, organiza\u00e7\u00e3o e governan\u00e7a corporativa. Dirigiu projetos na Am\u00e9rica Latina, Europa e \u00c1sia.<\/p>","protected":false},"excerpt":{"rendered":"<p>Diretor de Estrat\u00e9gia de Neg\u00f3cios<\/p>","protected":false},"author":1,"featured_media":176,"parent":0,"menu_order":0,"comment_status":"closed","ping_status":"closed","template":"","meta":{"footnotes":""},"tags":[3],"class_list":["post-171","page","type-page","status-publish","has-post-thumbnail","hentry","tag-quienessomos","clearfix"],"aioseo_notices":[],"_links":{"self":[{"href":"https:\/\/integra-negocios.com\/pt\/wp-json\/wp\/v2\/pages\/171","targetHints":{"allow":["GET"]}}],"collection":[{"href":"https:\/\/integra-negocios.com\/pt\/wp-json\/wp\/v2\/pages"}],"about":[{"href":"https:\/\/integra-negocios.com\/pt\/wp-json\/wp\/v2\/types\/page"}],"author":[{"embeddable":true,"href":"https:\/\/integra-negocios.com\/pt\/wp-json\/wp\/v2\/users\/1"}],"replies":[{"embeddable":true,"href":"https:\/\/integra-negocios.com\/pt\/wp-json\/wp\/v2\/comments?post=171"}],"version-history":[{"count":3,"href":"https:\/\/integra-negocios.com\/pt\/wp-json\/wp\/v2\/pages\/171\/revisions"}],"predecessor-version":[{"id":503,"href":"https:\/\/integra-negocios.com\/pt\/wp-json\/wp\/v2\/pages\/171\/revisions\/503"}],"wp:featuredmedia":[{"embeddable":true,"href":"https:\/\/integra-negocios.com\/pt\/wp-json\/wp\/v2\/media\/176"}],"wp:attachment":[{"href":"https:\/\/integra-negocios.com\/pt\/wp-json\/wp\/v2\/media?parent=171"}],"wp:term":[{"taxonomy":"post_tag","embeddable":true,"href":"https:\/\/integra-negocios.com\/pt\/wp-json\/wp\/v2\/tags?post=171"}],"curies":[{"name":"wp","href":"https:\/\/api.w.org\/{rel}","templated":true}]}}

Alejandro Marchionna Faré

<p>Especializado em estratégia, organização e governança corporativa. Dirigiu projetos na América Latina, Europa e Ásia.</p>

<p>Diretor de Estratégia de Negócios</p>
